ousands digit of 277861924?
8
What is the ten millions digit of 59539998?
5
What is the billions digit of 4080174784?
4
What is the ten thousands digit of 44369771?
6
What is the millions digit of 241213322?
1
What is the units digit of 4894439353?
3
What is the thousands digit of 129269577?
9
What is the ten millions digit of 303552141?
0
What is the millions digit of 92974597?
2
What is the ten thousands digit of 50377266?
7
What is the hundreds digit of 110701069?
0
What is the tens digit of 7467691994?
9
What is the millions digit of 2067280768?
7
What is the tens digit of 332268070?
7
What is the hundred thousands digit of 3189722744?
7
What is the thousands digit of 266329678?
9
What is the millions digit of 2484832567?
4
What is the tens digit of 20772587?
8
What is the tens digit of 3128173229?
2
What is the tens digit of 163753220?
2
What is the ten millions digit of 19324234?
1
What is the millions digit of 156227027?
6
What is the ten millions digit of 2745058277?
4
What is the millions digit of 758771484?
8
What is the thousands digit of 37604149?
4
What is the millions digit of 27978559?
7
What is the hundreds digit of 43638530?
5
What is the ten thousands digit of 140207779?
0
What is the hundreds digit of 1730366280?
2
What is the hundreds digit of 64764986?
9
What is the millions digit of 467780486?
7
What is the units digit of 118610039?
9
What is the tens digit of 166337635?
3
What is the hundreds digit of 1003520485?
4
What is the ten millions digit of 568806858?
6
What is the millions digit of 6417022313?
7
What is the tens digit of 45128770?
7
What is the tens digit of 5390973131?
3
What is the units digit of 2789974537?
7
What is the thousands digit of 1726342301?
2
What is the ten millions digit of 7541430569?
4
What is the hundreds digit of 2063871652?
6
What is the tens digit of 3649645345?
4
What is the hundred thousands digit of 1683780652?
7
What is the hundreds digit of 10737109?
1
What is the units digit of 123189294?
4
What is the thousands digit of 183439449?
9
What is the ten millions digit of 2465907596?
6
What is the ten thousands digit of 39908212?
0
What is the hundred millions digit of 480004629?
4
What is the units digit of 81524102?
2
What is the units digit of 3907003992?
2
What is the millions digit of 49801189?
9
What is the units digit of 1147616187?
7
What is the tens digit of 154293165?
6
What is the ten thousands digit of 554466720?
6
What is the tens digit of 10609539?
3
What is the units digit of 49709757?
7
What is the units digit of 192495401?
1
What is the tens digit of 460484662?
6
What is the hundred thousands digit of 108437388?
4
What is the hundred thousands digit of 454988827?
9
What is the thousands digit of 1421844187?
4
What is the hundreds digit of 43501494?
4
What is the millions digit of 14134950?
4
What is the hundred millions digit of 287852843?
2
What is the hundreds digit of 3573046985?
9
What is the thousands digit of 74466618?
6
What is the millions digit of 13799154?
3
What is the ten millions digit of 61530530?
6
What is the hundreds digit of 83461108?
1
What is the hundreds digit of 106044418?
4
What is the thousands digit of 43479871?
9
What is the thousands digit of 439428845?
8
What is the hundreds digit of 3904272?
2
What is the thousands digit of 20293522?
3
What is the millions digit of 43569656?
3
What is the hundreds digit of 5866821778?
7
What is the tens digit of 42699591?
9
What is the thousands digit of 909031810?
1
What is the ten thousands digit of 429857121?
5
What is the tens digit of 1247199702?
0
What is the thousands digit of 1074355857?
5
What is the hundreds digit of 338074253?
2
What is the units digit of 2169466722?
2
What is the millions digit of 23378773?
3
What is the hundred thousands digit of 871006404?
0
What is the thousands digit of 812808964?
8
What is the ten millions digit of 580394601?
8
What is the hundred millions digit of 2140935108?
1
What is the hundred millions digit of 2667843762?
6
What is the ten millions digit of 1419288713?
1
What is the hundred thousands digit of 250201048?
2
What is the hundred millions digit of 105907730?
1
What is the thousands digit of 160453668?
3
What is the hundreds digit of 44224883?
8
What is the billions digit of 1468526011?
1
What is the units digit of 37058266?
6
What is the billions digit of 1499903511?
1
What is the millions digit of 873334581?
3
What is the ten millions digit of 1241741108?
4
What is the millions digit of 405932011?
5
What is the ten thousands digit of 76475293?
7
What is the ten millions digit of 4304855594?
0
What is the tens digit of 65637500?
0
What is the thousands digit of 25942752?
2
What is the ten thousands digit of 2872789988?
8
What is the units digit of 2403699871?
1
What is the units digit of 535582308?
8
What is the hundred thousands digit of 1417025518?
0
What is the ten thousands digit of 1173355495?
5
What is the hundred thousands digit of 79965308?
9
What is the millions digit of 89524767?
9
What is the hundred thousands digit of 66488864?
4
What is the ten thousands digit of 612535918?
3
What is the millions digit of 64108861?
4
What is the hundreds digit of 204297043?
0
What is the ten millions digit of 1326537420?
2
What is the millions digit of 77533165?
7
What is the thousands digit of 1581746065?
6
What is the billions digit of 1767491256?
1
What is the ten thousands digit of 18793220?
9
What is the units digit of 554576953?
3
What is the thousands digit of 3632005588?
5
What is the hundreds digit of 529827783?
7
What is the ten millions digit of 3149719824?
4
What is the ten thousands digit of 2003659369?
5
What is the hundred thousands digit of 1253647071?
6
What is the tens digit of 1537184057?
5
What is the ten millions digit of 1094826799?
9
What is the ten millions digit of 397675266?
9
What is the ten thousands digit of 561154456?
5
What is the hundred millions digit of 101100391?
1
What is the billions digit of 2966176293?
2
What is the tens digit of 3418096882?
8
What is the ten thousands digit of 154646327?
4
What is the hundred thousands digit of 120672421?
6
What is the hundred thousands digit of 37485201?
4
What is the hundred thousands digit of 1580847552?
8
What is the hundreds digit of 2654143?
1
What is the millions digit of 383256566?
3
What is the tens digit of 2767412876?
7
What is the ten millions digit of 3294236875?
9
What is the tens digit of 48113849?
4
What is the millions digit of 18465839?
8
What is the units digit of 336318790?
0
What is the ten thousands digit of 30634805?
3
What is the billions digit of 1988371826?
1
What is the units digit of 299775591?
1
What is the ten millions digit of 25509553?
2
What is the hundreds digit of 1462347416?
4
What is the hundred thousands digit of 853289266?
2
What is the hundred thousands digit of 88416523?
4
What is the millions digit of 9348126?
9
What is the millions digit of 102083240?
2
What is the millions digit of 5218671?
5
What is the hundreds digit of 291347744?
7
What is the units digit of 1299240?
0
What is the hundred millions digit of 763921030?
7
What is the ten thousands digit of 1651329844?
2
What is the hundreds digit of 635351417?
4
What is the hundred thousands digit of 404177903?
1
What is the millions digit of 127368176?
7
What is the ten millions digit of 636532605?
3
What is the thousands digit of 314777436?
7
What is the tens digit of 88447731?
3
What is the ten millions digit of 79354595?
7
What is the millions digit of 2401318858?
1
What is the ten thousands digit of 11607059?
0
What is the ten thousands digit of 56816313?
1
What is the hundreds digit of 1328968941?
9
What is the hundred millions digit of 776937829?
7
What is the tens digit of 1539265508?
0
What is the tens digit of 67200097?
9
What is the hundreds digit of 1235504136?
1
What is the millions digit of 86849884?
6
What is the hundreds digit of 148652294?
2
What is the tens digit of 1722504192?
9
What is the hundred thousands digit of 174303114?
3
What is the hundreds digit of 141635156?
1
What is the thousands digit of 31500310?
0
What is the hundred millions digit of 1789701873?
7
What is the ten millions digit of 584718719?
8
What is the ten thousands digit of 5980903938?
0
What is the mil